 - 9856. What is the tens digit of g(-22)?
7
Suppose 0 = -4*t + 20, g + 44*t - 43*t = 6539. What is the thousands digit of g?
6
Let h = -414 - -414. What is the tens digit of (882 + h)*(2 - (-15)/(-10))?
4
Let h be 9*(-4)/(-36)*-3 + 24. Let b be -4*(-4 + h/6) - -159. Suppose -2*d = -d - b. What is the tens digit of d?
6
Suppose -6305 = -5*j - 5*k, k - 5 + 10 = 0. Let m = 2182 - j. What is the tens digit of m?
1
Let q(o) = -3*o - 1773. Let z be q(0). Let b = -841 - z. What is the hundreds digit of b?
9
Let m(d) = 32*d - 23. Let n be m(-12). Let w = n + 1115. What is the tens digit of w?
0
Suppose -4*l + 93438 = -35*q + 30*q, 0 = -16*q + 96. What is the tens digit of l?
6
Let j(a) = 571*a**2 + 7*a + 6. Let s be j(-2). Let w = s - 1623. What is the tens digit of w?
5
What is the hundreds digit of (-35)/((-1260)/(-8)) - (152718/(-27) - 1)?
6
Let m be -4 + (176 - (-2 + -3)). Suppose -10*x - m + 3647 = 0. What is the hundreds digit of x?
3
Let q = 3954 - 3937. Let l be (2/(-1) - -2)*-1. Suppose -c + 99 + q = l. What is the hundreds digit of c?
1
Let q(s) = 327*s**2 - 42*s - 126. What is the thousands digit of q(-3)?
2
Suppose -2*x + 40 = -3*v, 0*v + 5 = -v - x. Let m be (2/8)/((-1)/2)*v. Suppose 0 = -6*l + m*l + 45. What is the tens digit of l?
4
Let r = 3557 - 3532. Let v(f) = 3*f**3 + 3*f**2 - 2*f + 1. Let y be v(-4). What is the tens digit of (y/r)/(-9) - (-914)/10?
9
Let y be (5/30*6)/((-5)/(-35)). Let o(c) = 26*c - 76. What is the tens digit of o(y)?
0
Let m(q) = 7 + 2 - 2*q**3 + 0*q**3 - q - 13*q**2 - 2*q + 2*q. What is the hundreds digit of m(-10)?
7
Let z be 661287/116 - (-3)/(-4). Suppose 23*g - z = 4*g. What is the hundreds digit of g?
3
What is the units digit of -11 - ((-108)/6 + -22337)?
4
Let s = -48 - -32. Let w be 1 - (-24)/s*(-6)/9. Suppose w*j = 8 + 118. What is the tens digit of j?
6
Let i(k) = 71*k. Let c(z) = 1. Suppose 3*d - 5*t = -37, -5*d - 24 = -3*t + 11. Let f(m) = d*c(m) - i(m). What is the tens digit of f(-1)?
6
Suppose 2942 + 3372 = 124*i - 4350. What is the units digit of i?
6
What is the hundreds digit of (-38514)/(-15) + (-195)/325?
5
Let w = 79 + -82. Suppose 9*k + 13 = 22. What is the units digit of 64 + k*(w - (-4)/4)?
2
Suppose 5*l = 2*v - 34, -3 + 5 = v. Let z be l/(-12)*0*(2 - 1). Suppose -x + 4*r + 156 = z, -3*r - 709 + 137 = -4*x. What is the tens digit of x?
4
Let q(o) = 165*o**2 + 116*o - 740. What is the thousands digit of q(7)?
8
Suppose -5*j + 3107 = 2*m, 0 = -14*j + 13*j - 2*m + 623. Let o = 953 - j. What is the hundreds digit of o?
3
Let v(m) = -4*m**3 + 113*m**2 - 11*m + 47. What is the hundreds digit of v(-9)?
2
Suppose -16 = 3*c - 1, -5*c = 3*a - 9659. What is the units digit of a/10*(-20)/(-8)?
7
Let a(k) = 934*k**2 + 35*k - 160. What is the thousands digit of a(4)?
4
Let k(t) = -49 + 96 + 25*t**2 - 36 + 4*t. What is the hundreds digit of k(-3)?
2
Let q(v) = v**3 - 3*v**2 - 5*v - 17. Let j(d) = d**3 - 2*d**2 - 8*d - 17. Let p(s) = -2*j(s) + 3*q(s). What is the units digit of p(9)?
6
Let f = 10622 - 3913. What is the units digit of f?
9
Suppose -8*d + 4705 = -583. Let p = -252 + d. What is the tens digit of p?
0
Let j(s) be the third derivative of s**5/20 + s**4/12 + 19*s**3/6 - 42*s**2 + 2. What is the tens digit of j(-15)?
6
Let g(p) = -p**3 - 44*p**2 + 59*p + 33. What is the hundreds digit of g(-51)?
2
Let r be ((-77)/(-14))/((-1)/(-2)). Suppose -13*o = -r*o - 4. Suppose 49 = j - z - o*z, 0 = -4*z. What is the tens digit of j?
4
Let f = 124 - 64. Let w = f - 94. Let t = -12 - w. What is the tens digit of t?
2
Suppose 3*f - 18 = -2*y, 2*y - 6 = 5*f - 2*f. Let o be (-2)/3*7/((-28)/y). What is the units digit of 132/(4 - o)*1?
4
Let x(u) = u**3 + 9*u**2 + 17*u + 20. Let w be x(-7). What is the units digit of (w - 146/(-10))/(18/45)?
4
Suppose 3*t - 4*v - 21 = -9*v, -5*t = -2*v - 4. What is the hundreds digit of 1671*(-3)/(-9) + (t - 7)?
5
What is the units digit of (-12)/(3/(-4) + (-73485)/(-98220))?
8
Suppose 0 = -2*z + 19*u - 22*u + 11509, 3*z + 5*u = 17263. What is the tens digit of z?
5
Let g(i) = i**2 + 9*i + 1. Let y = 35 + -27. Suppose 20 = -3*q + y*q. What is the tens digit of g(q)?
5
What is the thousands digit of -27808*3/3*28/(-56)?
3
Let d(n) = n - 1. Let c be d(6). Suppose -j - 3*s = 89, -4*s + 521 = -c*j - 0*s. Let z = -54 - j. What is the units digit of z?
7
What is the hundreds digit of ((37176/(-144))/(1/(-9)))/((-1)/(-2))?
6
Let b(d) = 7*d**2 + 32*d - 26. Let r be b(-12). Suppose -28*n - r = -51*n. What is the tens digit of n?
2
Let g be (12/(-10))/(661/165 - 4). Suppose -4*v + 0*v + 1090 = 3*d, 4*d = -2*v + 1440. Let h = d + g. What is the tens digit of h?
6
Suppose -3*m - 2*q + 11 + 30 = 0, 0 = -q + 1. Suppose -5*n = -m + 3. Suppose i - n*a = -a + 6, 4*i - 20 = 2*a. What is the units digit of i?
4
Let d be (-6)/(0 - -2) - 5/(-1). Suppose 781 = d*f - 3*k, 257 = -5*f + 5*k + 2202. What is the tens digit of f?
8
Let l(j) = -j + 11. Let d be l(5). Suppose -2*k + d = 0, -h + 2*h - k = 42. What is the units digit of 30 + h/21 + (-1)/7?
2
Suppose 0*s + 198 = -2*s. Let b be (-2)/9 - (-513)/(-972) - 615/(-4). Let c = b + s. What is the tens digit of c?
5
Let m be 44/(-7) - (-4)/14. Let f(v) = -6 - 13*v + 4 + 1 + 29. What is the tens digit of f(m)?
0
Let q(u) = -7*u + 150. Let s be q(11). Suppose 58 - 169 = 3*d. Let x = s + d. What is the units digit of x?
6
Let u = -4638 + 9276. What is the thousands digit of u?
4
Suppose 2354464 = -3*k + 26*k + 23*k. What is the tens digit of k?
8
What is the thousands digit of ((-1674975)/46*2/20)/(12/(-32))?
9
Let p(c) = 40*c**2 + 28*c + 49. What is the hundreds digit of p(-23)?
5
Suppose -12*l = -9*l - 27. Suppose -l*m + 56 + 16 = 0. Let k = 116 - m. What is the hundreds digit of k?
1
Let x = -32369 + 62278. What is the thousands digit of x?
9
Suppose -4*s + 659 + 5338 = -s. What is the tens digit of s?
9
Let i = 16968 - -8158. What is the thousands digit of i?
5
Let a = -668 + 1196. Let z = a - -440. What is the hundreds digit of z?
9
Let u = -506 + 506. Suppose 422 = -z + 5*k + 1390, -z + 2*k + 953 = u. What is the units digit of z?
3
Let d = 32 + -26. Suppose -d*s + 3*s + 21 = 0. Suppose -3*p + 5*a - 101 = -s*p, -2*p = -4*a - 44. What is the tens digit of p?
2
Let c be (-3 - 3/(-5))/(21/3080). Suppose 4*i - n + 5*n = 2216, -i - 5*n = -574. Let q = i + c. What is the hundreds digit of q?
1
Suppose b + 16 + 0 = 3*k, -3*b = 3. Suppose -4*n - 952 + 2363 = 5*j, -k*n = -20. What is the tens digit of j?
7
Suppose -20*o + 196 = -13*o. Suppose -o*g + 656 = -20*g. What is the units digit of g?
2
Suppose 295*b = 260*b + 646415. What is the thousands digit of b?
8
Let w be (-6)/(-4) - (12/(-8) - -1). Suppose 2*k = -3*k - 2*o, 10 = -w*o. Suppose -23 + 157 = k*l. What is the tens digit of l?
6
Let l(r) = 7*r - 29 + r**3 + 18*r**3 - 3*r**2 - r**3 - 16*r**3. What is the hundreds digit of l(5)?
1
Suppose 8528*j = -4*v + 8531*j + 15093, -v - j + 3775 = 0. What is the tens digit of v?
7
Let d = -83176 + 121676. What is the tens digit of d?
0
Suppose 0 = 13*r - 39911 - 3691. Suppose -r = 4*u - 10*u. What is the hundreds digit of u?
5
Let u(k) be the second derivative of k**4/12 - 19*k**3/6 - 23*k**2 + 5*k + 13. What is the hundreds digit of u(37)?
6
Let n(c) = 11*c**2 - c + 2. Let r be n(1). What is the units digit of (6/r)/(1/432 - 0)?
6
Suppose 19*u + 54 = 22*u. Let r = -4 + u. Let b = -3 + r. What is the units digit of b?
1
Let b(a) = -a**2 - 44*a - 32. Let o be b(-16). Let w be ((-3)/6*0)/1. Suppose w = -3*g + o - 158. What is the tens digit of g?
8
Let k = 541 - -170. Suppose -25*d = -22*d - k. What is the tens digit of d?
3
Let c = 56 - 42. What is the units digit of (-7)/c*-8 + 23?
7
Let c = -60 - -69. Suppose c*m - 6*m = -24. What is the tens digit of 2/m + 6/(-48)*-114?
1
Suppose -w + 2*t = -42, -6*w + 2*w + 158 = 2*t. Suppose -y - w = -6*y. What is the units digit of y?
8
Let l(p) = -p**3 - 5*p**2 - 2*p + 8. Let o be l(-4). Suppose -r + 2*a = 4*r + 743, o = -5*r + 3*a - 742. Let m = -72 - r. What is the tens digit of m?
7
Let q(h) = h**2 + 9*h - 5. Let b(d) = d**2 + 8*d - 4. Let w(r) = -6*b(r) + 5*q(r). Let y be w(-2). What is the units digit of y + (-6 - -2) + (56 - -3)?
6
Let r be 88/(-220)*(1 + -4866). Suppose -4*f = 2*v - v - 398, r = 5*v - 2*f. What